n factor of 19349 and g.
11
Suppose -z - 2*x - 47 = 0, -2*x = z + z + 104. Let v = z - -42. Let h be 2/(0 - 3/v). What is the highest common factor of h and 5?
5
Suppose 49384 = 3*k - 4*i, -2103*i + 2100*i = k - 16496. What is the highest common factor of k and 29?
29
Let c(n) = -684*n + 6864. Let j be c(10). Calculate the highest common divisor of 7232 and j.
8
Suppose 47*v = 50*v - 3*j - 10365, -4*j - 17280 = -5*v. Calculate the greatest common factor of 20 and v.
20
Suppose 5*m = -5*j + 1185, -4*m - 907 - 49 = -4*j. What is the greatest common divisor of j and 816?
34
Let n(p) = 12*p**2 - 3*p - 17. Let y be n(-13). Calculate the greatest common factor of 30 and y.
10
Let x be (-5 + -1 - -6)*(-2)/4. Suppose x = z + 203 - 251. Calculate the greatest common divisor of 80 and z.
16
Let f = -13178 - -18743. Calculate the greatest common divisor of 60 and f.
15
Suppose 149 = r + 33. Let u(t) = t**3 + 15*t**2 + 17*t + 71. Let c be u(-14). Calculate the highest common divisor of c and r.
29
Suppose 8717 = 68*l + 761. Calculate the highest common divisor of 3627 and l.
117
Suppose 41*q - 16767 = -28*q. What is the highest common divisor of 135 and q?
27
Let w = -35 - 20. Let k = -51 - w. Let q(x) = 2*x**3 - x**2 + x + 4. Let t be q(k). What is the highest common factor of t and 48?
24
Let x(c) = -c**3 + 2*c**2 + 5*c - 3. Let f be x(-3). Suppose -f = -k + 78. Calculate the highest common divisor of 70 and k.
35
Let n = -21 + 36. Let c = 12366 + -12261. Calculate the highest common divisor of n and c.
15
Suppose -357*i = -145*i - 14628. What is the greatest common divisor of 1909 and i?
23
Let b = 15 - -9. Suppose -2*r - 1142 = -0*m - 4*m, -2*m = 3*r - 567. Suppose -141 + m = 12*v. What is the greatest common factor of b and v?
12
Let c(o) = 11*o**2 + 170*o + 171. Let a be c(-18). What is the greatest common factor of 405 and a?
135
Let v(z) = z**2 - 5*z - 7. Suppose -p + 4*y + 11 = 0, -p + 3*y = 2*y - 8. Let d be v(p). Calculate the highest common divisor of d and 4.
1
Suppose -p + 72 = 17. Let u(k) = 5*k**3 - k + 2. Let q be u(-2). Let m = -14 - q. Calculate the highest common divisor of m and p.
11
Suppose -2*x + 2*w = -6, -5*x = 4*w + 3 - 0. Let l(m) = 14 + 12 + 177*m - 176*m. Let f be l(-16). Calculate the greatest common divisor of x and f.
1
Let i be -12*2/(-2)*1. Let b(t) = -t - 7. Let m be b(-7). Suppose -5*s = -25, m*h = 2*h + s - 29. What is the highest common factor of i and h?
12
Let w = 32 + -8. Let t = -22 + w. Let q be (80/12)/(t/27). What is the greatest common factor of 10 and q?
10
Let s = -27827 + 38981. Calculate the greatest common divisor of s and 78.
78
Let i be (-110 + -1)*98/(-42). Suppose 4*c - 121 = i. Let q be 2/(-4)*19*-4. What is the greatest common divisor of q and c?
19
Let c be 4 + 1 - (-297 - -2). Suppose c*v - 305*v = -910. What is the highest common factor of 14 and v?
14
Let n be 3163/3 - 0 - 8/6. What is the highest common divisor of n and 18?
9
Let r(p) = 27*p**2 + 23*p - 3. Let d be r(-3). Suppose -25*z + 209 = -14*z. What is the greatest common factor of z and d?
19
Suppose 4*n + t = 29, -5*t + 12 = -15*n + 16*n. Calculate the greatest common factor of 8974 and n.
7
Suppose 0*q = -3*q + 216. Suppose -9*c = -c - 32. Suppose -4*z = 5*a - 437, c*a + 634 = 5*z + 98. Calculate the greatest common factor of z and q.
36
Let j(o) = -2*o**3 - 27*o**2 + 8*o - 34. Let r be (-15 + 17)/((-3)/21). Let u be j(r). What is the greatest common factor of 150 and u?
50
Let n(s) be the third derivative of -s**6/120 + 7*s**5/20 - s**4/12 + 4*s**3/3 + 2*s**2 + 34*s. Let b be n(8). Calculate the highest common factor of 8 and b.
8
Suppose 2*q - 13 = 27. Let m = 8 - 103. Let y = -45 - m. Calculate the greatest common factor of q and y.
10
Suppose -26*f = -749 + 489. Calculate the highest common divisor of 110 and f.
10
Suppose -18*u + 29 = -17*u + 3*g, -u - 4*g = -34. Calculate the greatest common factor of 16 and u.
2
Suppose 0*s = -s + 245. Suppose 840 = 29*k + 113 - 2115. Calculate the highest common divisor of s and k.
49
Suppose 2*r + 206 = -30. Let p = -115 - r. What is the greatest common divisor of p and 51?
3
Let k = 193 - 411. Let x = k - -258. What is the highest common divisor of x and 340?
20
Let p be (2080/5)/((-35)/(-350)). Calculate the greatest common factor of p and 24.
8
Let d = 5 - 7. Let n be -173 - (d/(-7) + 38/14). Let v be (-2)/16 - 3718/n. Calculate the greatest common divisor of 6 and v.
3
Let l be -3 + 2 + 117 + -11. Let c(n) = n**2 - 7*n + 3. Let t be c(7). Let p be l/12*36/t. Calculate the greatest common factor of p and 35.
35
Suppose 4*i + g = 123, 2*g - 34 = -2*i + 20. Suppose -i*d + 28*d = -224. What is the highest common factor of 336 and d?
56
Suppose h + 362 = j, -193 - 513 = -2*j - h. Calculate the greatest common divisor of 2759 and j.
89
Let k be -14 + 6*1095/45. Calculate the greatest common divisor of 30 and k.
6
Suppose 0 = 4*n + 2*x - 348, -x - 268 = -3*n - 6*x. Let y = n - 83. Suppose -l - 2*r = -2, l + 4*r - 12 = -y*l. Calculate the highest common factor of l and 20.
4
Let k(b) = -2*b**3 - b**2 + 4*b + 8. Let p be k(-4). Let c = p + -84. What is the highest common factor of c and 8?
4
Suppose 0 = 3*h - 5*i - 526, 5*h - 8*h = -i - 506. Let f = h - 103. Calculate the highest common divisor of 8 and f.
8
Suppose 22 + 2 = 6*c. Let h be c/(-30) + 3808/(-240). Let i = h - -31. What is the highest common divisor of 5 and i?
5
Let g = -2820 + 3447. Suppose -6*u + 264 = 2*u. Calculate the greatest common factor of u and g.
33
Suppose 0 = 2*c + 4*g + 10, 134*c = 138*c - 4*g - 76. What is the greatest common divisor of 7271 and c?
11
Let i = 15655 - 15645. What is the highest common factor of 3170 and i?
10
Let h = 3086 + -2461. What is the greatest common factor of h and 1375?
125
Suppose -u = -3*h - 1327, -1825 = -u - 4*h - 540. What is the greatest common divisor of u and 539?
77
Let t = 3332 - 2703. Let i = -98 + 115. What is the greatest common divisor of t and i?
17
Let j = -13360 - -13468. Calculate the greatest common factor of 16 and j.
4
Suppose 26*j - 6060 = 11*j. Suppose k + o - j = 0, 2*k = k + o + 412. Calculate the highest common divisor of k and 51.
51
Let m(n) = 2*n - 60. Let i be m(30). Let f be (2 - (-3 + i)) + -3 + 44. Calculate the highest common factor of 92 and f.
46
Let r(y) be the first derivative of 4*y**3 + 2*y**2 - 81*y + 83. Let l be r(6). What is the highest common factor of l and 150?
75
Suppose 2630 - 778 = 5*v - 4*u, 0 = -2*v + 5*u + 751. Let n(b) = -b**3 - 3*b**2 - 3*b - 12. Let g be n(-4). What is the highest common factor of g and v?
16
Suppose -k + 0 = a - 2, 5*a = 5*k - 60. Suppose 2*j + 70 = k*j. Let q be (-2)/j + (-480)/(-28) + 7. What is the highest common divisor of q and 32?
8
Let l be 52/(-65)*725/(-2). Suppose -7*a + 340 = -l. Calculate the highest common factor of 18 and a.
18
Suppose 0 = 13*a - 8*a - 520. Suppose 2*r = -43*u + 38*u + 203, 2*u + 2*r = 86. Calculate the greatest common factor of a and u.
13
Let n be (1/3)/((-5)/(-315)). Suppose 3*j + 53 = 50. Let a be (2/j)/(-2*4/112). Calculate the highest common factor of n and a.
7
Let h be -12 - (1 + -2) - -87. What is the greatest common divisor of 3306 and h?
38
Let y be 8/(-18)*3*231/(-14). Calculate the highest common divisor of y and 561.
11
Suppose 0 = v + f - 921, -2*v + f + 291 + 1545 = 0. Suppose -509 - v = -17*i. Calculate the highest common factor of 56 and i.
28
Suppose 0 = 15*z - 7*z - 32. Suppose 4*c - 4 = -4*m, -4 + 1 = -3*c + z*m. What is the highest common factor of c and 4?
1
Suppose 24 = -4*n - 4. Let m(d) = -4*d**2 - d - 18. Let a be m(n). Let u = -102 - a. What is the greatest common divisor of u and 42?
21
Suppose 2*n - n = 21. Let l = 285 + -282. Suppose -q - 3 = -z, l*z - 4*q = 4*z - 23. Calculate the greatest common divisor of n and z.
7
Let j be 615/(-25)*-1 - 12/20. Let x(n) = -n - 12. Let v be x(9). Let q = v + j. What is the greatest common factor of q and 6?
3
Suppose 5*n - 3*c = 176732, -5*n + 157*c = 147*c - 176795. What is the highest common divisor of n and 59?
59
Let d = 81055 + -81033. Let b be (-5)/(-2) - (-2)/(-4). What is the highest common divisor of b and d?
2
Let r(a) = -3*a**2 + 16*a. Let p be r(5). Suppose 10*v = p*v + 3060. Suppose v = 5*l - l. What is t